e greatest common divisor of z and p?
17
Let h be (-4)/(-1)*1 - 0. What is the highest common divisor of h and 64?
4
Let d be (5/25)/((-4)/(-260)). What is the greatest common divisor of d and 26?
13
Let u(b) = -b + 10. Let m be u(-5). Calculate the greatest common divisor of 165 and m.
15
Suppose -4*m = -5*d - 6, -m = -2*m + 2*d. What is the greatest common factor of 36 and m?
4
Let d be 1*-2*(-7)/(-2). Let i be 78/21 - 2/d. Suppose -j - 32 = -2*f, 0*f - i*j = 4*f - 52. What is the greatest common divisor of 10 and f?
5
Let f = 40 - 15. Let r be (-2510)/f - (-4)/10. Let h = 140 + r. Calculate the greatest common factor of h and 5.
5
Let d = 147 + -104. What is the highest common factor of 172 and d?
43
Suppose 0*c = c - 10. Calculate the greatest common factor of 100 and c.
10
Let v(c) = c**2 + c + 13. Let m be v(0). Let b = 18 - 13. Suppose 112 = b*p - p + 2*z, -2*z + 8 = 0. What is the greatest common factor of p and m?
13
Let c(j) = -j**2 + 18*j - 35. Let b be c(15). What is the highest common divisor of 130 and b?
10
Suppose 1250 = 5*n + 5225. Suppose -5*f - 4 = -4*f. Let x be (-1)/f + n/(-20). What is the highest common factor of x and 60?
20
Suppose -y + 140 = -0*y. What is the highest common divisor of y and 20?
20
Let x(s) = 5*s**3 + s**2 - s. Let a be x(1). Suppose -a*f - 605 = -10*f. What is the highest common factor of f and 11?
11
Let o = -39 + 73. What is the greatest common factor of o and 85?
17
Let g be (1 - 2)/(1 - (-48)/(-46)). What is the greatest common factor of g and 1?
1
Let g be 8*((-15)/(-2) + -4). Calculate the greatest common factor of 42 and g.
14
Let o(l) = l + 5. Let y be o(-6). Let h be (1 - y)/((-3)/(-54)). Suppose 0 = -g + z, 3*g - 4*g + 4*z = 12. What is the greatest common divisor of h and g?
4
Suppose 0 = -6*p + 312 + 360. Calculate the highest common divisor of p and 14.
14
Let y = -11 - -31. What is the highest common factor of 30 and y?
10
Suppose h + 5*i + 0 - 11 = 0, 5*h - i = 185. Let x = 8 - 4. Calculate the highest common factor of x and h.
4
Let d(l) = l - 6. Let g be d(8). Suppose -g*r = -7*r. Suppose r = w + 3*w - 32. Calculate the greatest common factor of w and 8.
8
Let d(y) = y. Let m be d(3). Suppose m*a = a + 16. Calculate the highest common divisor of 64 and a.
8
Suppose 0 = 2*o + 2*x - 84, 2*x = -o + 46 - 4. What is the greatest common factor of o and 6?
6
Suppose -k = -3 - 2. Suppose -20 = -k*l, 3*x + 2*l = -2*x + 78. Let n(j) = 5*j + 5. Let w be n(6). What is the highest common factor of w and x?
7
Let l be 7*1 + ((-168)/(-7))/(-6). Calculate the greatest common divisor of l and 6.
3
Suppose b + 13 = 41. Suppose -35 + 143 = 4*q + 2*i, 2*q - 5*i - 66 = 0. Let s = q - -14. What is the highest common factor of b and s?
14
Let l be (10/(-4))/((-1)/2). Suppose l*y = 2*y + 24. Let q(b) = b**3 - 8*b**2 + b + 3. Let u be q(y). What is the greatest common factor of u and 99?
11
Let b be (-2)/(-9) + 2/(-9). Suppose 6*o - o + 15 = b. Let g(k) = -k + 2. Let p be g(o). What is the greatest common factor of 35 and p?
5
Let q be (45/(-6) - -3)*2. Suppose 5*i + 0*l = -2*l - 2, 0 = -2*i - l - 1. Let x be (q + i)*(-15)/3. What is the highest common factor of x and 15?
15
Let u be -2 + 4 + (-15)/(-5). Let n = 8 - u. Calculate the greatest common divisor of 21 and n.
3
Let q(v) be the second derivative of v**4/12 - v**3 - 5*v**2/2 - 2*v. Let a be q(5). Let r = a + 25. What is the greatest common factor of r and 105?
15
Let z = -1 - -3. Let i = 0 + z. Suppose -2*s + i = -16. What is the greatest common divisor of s and 99?
9
Suppose -3*l - v = -6*v + 4, 0 = -l - 4*v + 10. Suppose g = -l*k + 62, -5*g + 278 = -0*k + 2*k. Calculate the greatest common divisor of 6 and g.
6
Suppose 3*n - 5 = y, -4*n = -5*y + 17 + 2. Suppose 77 = 4*q - y. What is the highest common factor of q and 189?
21
Suppose 0 = 3*v - n - 33, v - 4 = n - 3*n. What is the greatest common factor of v and 100?
10
Suppose -2*y = -4*y + 352. Suppose -2*a + 0 = -6. Let f be (128/24)/(1/a). What is the highest common factor of y and f?
16
Let b(y) = y**2 + 10*y - 6. Let w = -20 - -9. Let l be b(w). What is the greatest common divisor of 45 and l?
5
Suppose 0 = -2*w - 8, 0 = -2*r - 3*r + 4*w + 76. Let u(l) = l + 5. Let i be u(7). What is the highest common factor of i and r?
12
Suppose 5*f + 5*t - 10 = 0, -2*t = 2*f - 5*t - 24. Let x = -4 + f. Suppose 4*l - 4*j = 10 + 6, -j = -x*l + 5. What is the greatest common divisor of 6 and l?
1
Suppose -i - 3*i = -64. What is the highest common divisor of i and 112?
16
Let k be 6*2*30/72. Suppose 2*b = -2*b + 60. Calculate the greatest common divisor of b and k.
5
Suppose -7 - 9 = -4*u. Suppose -u*l - 16 = -x, 3*l - 4*l + 26 = x. Let f = 42 - x. Calculate the highest common divisor of f and 9.
9
Suppose 0 = 5*c - c. Let t be 3 - (-2 - c)/2. Suppose -k = t*k - 45. Calculate the greatest common divisor of k and 6.
3
Let f(i) be the second derivative of i**4/12 + i**3 + 2*i**2 - i. Let l be f(-6). Suppose -8 = -l*s + 36. What is the highest common divisor of s and 44?
11
Let j be (6/4)/(5/10). Let h be (-4 - (-1 + 3))*-1. Let a be 2/h + 5/3. Calculate the greatest common divisor of j and a.
1
Suppose 2*o + 3*n + 4 - 20 = 0, 5*o + 2*n - 29 = 0. Let w = 7 - o. What is the greatest common divisor of w and 6?
2
Let s(v) = v**3 + 11*v**2 + 4*v + 10. Let g be s(-10). Let y(o) = o**3 + 5*o**2 - 5*o + 3. Let m be y(-5). Calculate the highest common factor of g and m.
14
Let r be (-1 - -3)*-7*15/(-70). Calculate the greatest common factor of 15 and r.
3
Let t(m) = -m**2 + 6*m - 6. Let i be t(3). Calculate the highest common factor of 15 and i.
3
Suppose -4 = -b, -2*g + 57 = 3*b - 3. Calculate the highest common factor of g and 16.
8
Let w = -8 + 131. Let s = w + -32. Let h be (-13)/(-4)*(-12)/(-3). Calculate the greatest common divisor of h and s.
13
Let p be 6/3 - (-5 - -6). What is the greatest common divisor of p and 11?
1
Let l(j) = 5*j**2 - 5. Let v be l(-5). What is the greatest common divisor of v and 24?
24
Suppose -816 = -2*p - 2*p. Let h be (p/30)/((-2)/(-40)). Calculate the greatest common divisor of h and 17.
17
Let n(f) = 6*f + 5. Let r be n(5). Let m(q) = 2*q**2 + q. Let d be m(1). Suppose 1 + r = d*t. Calculate the greatest common factor of 132 and t.
12
Let a be (-14)/(-49) + 47/7. Let f = -5 + a. What is the greatest common factor of f and 4?
2
Let a = 3 - 0. Suppose -252 = -4*n - 0*n + 4*b, a*n + b = 193. Let v be 1 - 3 - 5*-2. What is the highest common divisor of v and n?
8
Let j = 10 + -8. Let f be 3 - (-25 - j) - 0. What is the highest common divisor of 12 and f?
6
Suppose -5*x = m - 87 - 19, 0 = 5*x + 5*m - 90. Suppose 3*i - 21 = 3. Suppose -5*s = -s - i. Calculate the highest common factor of s and x.
2
Let o be 4/(-20) - 32/(-10). Suppose o*d + 14 - 74 = 0. What is the greatest common divisor of d and 4?
4
Let d = 48 + -9. Suppose -5*c = -2*c - d. Calculate the greatest common divisor of 13 and c.
13
Let m = -21 - -18. Let n be 14 + 7/(7/m). Calculate the highest common divisor of 1 and n.
1
Let o = -13 - -23. Let x = o + 0. Calculate the highest common factor of x and 10.
10
Let w = 17 - 6. Calculate the highest common divisor of 44 and w.
11
Suppose 256 = -64*f + 66*f. What is the highest common divisor of 4 and f?
4
Let t = 11 - 11. Suppose t = -y - 12 + 39. Calculate the highest common factor of 18 and y.
9
Let j = -37 + 81. Let f = -18 - -22. Calculate the highest common factor of f and j.
4
Suppose -5*p - 3*v + 409 = 0, 0 = 2*p - 4*v - 17 - 131. What is the highest common factor of p and 10?
10
Suppose 0 = -16*q + 1223 + 617. What is the highest common divisor of q and 46?
23
Let j = -86 + 91. What is the greatest common divisor of 55 and j?
5
Let l = 21 + -10. Let q(r) = -r**3 + 11*r**2 + 10*r - 6. Let i be q(l). What is the greatest common factor of i and 26?
26
Let z = 23 + 2. Let q be 1*z - (-2)/(-2). Let l = 54 - q. What is the greatest common factor of l and 6?
6
Suppose 2*o = s + 13, s = -4*s - 5*o - 5. Let t = -3 - s. Calculate the greatest common divisor of 4 and t.
2
Let b(x) be the third derivative of -x**6/120 - 3*x**5/20 - 7*x**4/24 - x**3/2 - 6*x**2. Let n be b(-9). Calculate the greatest common factor of 40 and n.
20
Let c = 61 - 26. Calculate the greatest common divisor